 - x. What is the units digit of w?
2
Let k = -111 - -121. Suppose k*m - 222 = 368. What is the tens digit of m?
5
Let i = -271 + 995. What is the tens digit of i?
2
Let v(r) = r + 8. Let h(g) = 47 - g - 47. Let w(t) = -4*h(t) - v(t). What is the units digit of w(7)?
3
Let z = 13 - -18. Suppose -5*n + 5*l = 0, 5*n + 4*l + 4 = z. What is the tens digit of 9/n - 1*-23?
2
Let t be 8044/30 - (-16)/(-120). Suppose -2*x + 0*x = -t. What is the tens digit of x?
3
Let d(i) = 3*i**2 - i + 1. Let o be d(1). Suppose -o*m = -8*m + 4*r + 701, m + 2*r = 143. What is the units digit of m?
1
Let m = -51 + 45. What is the units digit of m/(-2) - (-24)/4?
9
Suppose -3*p - 6 = -6*p. Suppose -5*i = -4*l - 262, 4*i + p*l = 74 + 120. What is the tens digit of i?
5
Let h(c) = 15*c**2 + 6*c + 17. Let v be h(5). Suppose -9*z + 1898 - v = 0. What is the units digit of z?
4
Suppose 36750 = 18*a + 4710. What is the thousands digit of a?
1
What is the hundreds digit of (-14 + 13)/((-1)/(826/2))?
4
What is the tens digit of (4/14)/((-41)/(-149527))?
4
Suppose -2*s = 2*z - 10, -3*z = 4*s - 2*z - 20. Suppose 0 = s*n + 29 + 6. Let p(m) = m + 11. What is the units digit of p(n)?
4
Suppose 4*n - 253 - 347 = 0. Suppose -3*t = -5*t + n. What is the units digit of (6/9)/(2/t)?
5
Let l(p) = -5*p**2 - 1. Let c = -5 - -3. Let s be l(c). What is the units digit of 4/(-6)*s/2?
7
Let x = -6 - -12. Let l(b) = 2*b**2 - 11*b + 9. What is the units digit of l(x)?
5
Let b = -12 + 7. Let a be (0 + 1)*(b - -9). Suppose -2*x + 7*x + 3*j = 0, -4*x - a*j = 8. What is the units digit of x?
3
Suppose 5*h = 5*p - 2*p + 1551, -2*p = h - 318. Suppose -w = 5*w - h. What is the tens digit of w?
5
Let o(r) = -6*r - 22. Let w(q) = 125 + 22*q - 13*q + 39*q + 52. Let u(z) = 33*o(z) + 4*w(z). What is the tens digit of u(-12)?
5
Suppose -2*w - 5*v + 5279 = 0, -3*w - 32*v + 7871 = -34*v. What is the thousands digit of w?
2
Let c = 481 + -479. Let a(q) = 4*q + 2*q**3 - 4*q - q**2. What is the units digit of a(c)?
2
Let u(y) = -4*y + 868. What is the hundreds digit of u(0)?
8
Let q(p) = -p**3 - 2*p**2 + 30*p + 624. What is the tens digit of q(-18)?
6
Let z(x) = -169*x - 646. What is the hundreds digit of z(-9)?
8
What is the thousands digit of -7 + 5 + -1 + 1009?
1
Suppose -d - 31*d + 29280 = 0. What is the tens digit of d?
1
Suppose 1 = -3*a - 2. What is the units digit of ((-1)/(-3) - a)*48?
4
Suppose -4*q - 1 - 7 = 3*d, 0 = 4*q + 5*d. What is the tens digit of (2/q)/(5/(-1300))?
0
Let o(x) = x - 13. Let k be o(9). Let v(y) = -y**3 - 3*y**2 + 3*y - 1. Let c be v(k). Suppose 18 = 3*i - c*l, 3*i - 52 = -3*l - 4. What is the tens digit of i?
1
What is the units digit of 99/(110/(-10)) - -4146?
7
Let c = 10 - 10. Suppose c = 2*u - 3*u - 5*t, -5*t = 2*u - 20. Let p = u + -17. What is the units digit of p?
3
Let o(f) = 3*f**2 + 4*f - 14. Let d(r) = -16*r**2 - 20*r + 71. Let k(w) = 2*d(w) + 11*o(w). What is the units digit of k(-7)?
9
Let w be (-12)/(-3)*180/(-16). What is the tens digit of (-3606)/w + (-10)/75?
8
Suppose 5*r - 479 = -2*z, -4*z = -0*z + 2*r - 966. What is the hundreds digit of z?
2
Suppose -25 = 4*b + 5*f, 2*b + 13 = -4*f - 7. Let r = 53 - 51. Suppose b = -r*x - x + 117. What is the units digit of x?
9
What is the tens digit of 258/15*(1 + 14)?
5
Suppose 2752 = 5*a + 4*o - 1880, 3*o = -5*a + 4629. What is the hundreds digit of a?
9
What is the tens digit of -5 + (4/18 - (-16068)/108)?
4
Let p be (-48)/(-10) + 7/35. Let w be (-6)/(-2)*12/9. Suppose 0 = 5*d + p, 6*f + 5*d = w*f + 61. What is the tens digit of f?
3
Let x be 68/(-51)*(15/(-2))/(-1). Let p be (1 - -8) + 2/(-1). Let n = p - x. What is the tens digit of n?
1
Let w = 21 + -17. Suppose 3*m + 5*y - 8 = 0, -w*m + m + 4 = y. What is the units digit of 12/(3 + m) - -42?
5
Let m be (45/6)/((-1)/(-6)). Suppose -3*q - m = 2*q. Let d = q - -10. What is the units digit of d?
1
Suppose 264 = 12*r - 6*r. What is the units digit of r?
4
Suppose 2*o - o = 3. Suppose 0*x + 4*x - o*q = -96, -2*q - 62 = 2*x. Let i = x + 28. What is the units digit of i?
1
What is the hundreds digit of (-3956)/(-12) - 5/3?
3
Let b be (100 + (1 - 3))/(4/22). Suppose 2*h + 230 = 2*t - 2*h, 5*t - h = b. What is the hundreds digit of t?
1
Let a(b) = -b**3 - b**2 + b. Let w(f) = 7*f**3 - f**2 + 52 - 6*f - 2 + 8*f**2. Let i(u) = 6*a(u) + w(u). What is the tens digit of i(0)?
5
Suppose i - k + 95 = 0, -k = -5*i + k - 475. Let s = -54 - i. What is the tens digit of s?
4
Let i be 5 + (-3)/(9/(-12)) + -7. Suppose -75 = -i*o + 3. What is the tens digit of o?
3
Let b(x) = 453*x - 191. What is the units digit of b(4)?
1
What is the units digit of 1941984/1680 - (-4)/70?
6
Let u(y) be the third derivative of -7*y**4/24 - y**3/3 - 28*y**2. What is the tens digit of u(-6)?
4
Let c = 0 - -2. Let q(z) = 8*z + 51 + 52 - 106. What is the units digit of q(c)?
3
Let a(d) = d + 15. Let g be a(-9). Suppose -3*y = -2*y + g. What is the units digit of (24/5)/(y/(-20))?
6
Suppose -4*y + 3*y = 0. Suppose 0 = 4*f - 3*w + 19, y = -f + 7*w - 2*w - 26. What is the tens digit of 42 - (-1)/(0 - f)?
4
Suppose 5*w = -4*r + 2*w + 20, 0 = r + 5*w - 22. Suppose 5*v - l = 1369, -r = -5*l - 22. What is the tens digit of v?
7
Suppose 0 = -2*i - f + 202, 0*i + 5*i - 2*f = 523. Suppose i = 2*n - 29. What is the tens digit of -2*(n/(-4) + 0)?
3
Let g(z) = -2380*z**3 - 5*z**2 - 9*z - 2. What is the hundreds digit of g(-1)?
3
Suppose 0*k = 5*k - 240. Suppose 0 = r + 3*r + 3*h - k, 0 = -3*r + 3*h + 36. What is the tens digit of r?
1
Let z be ((-3)/6)/((-4)/16). Suppose -w + 3 = 4*j, -w + j + z*j = -10. Suppose 0*s + w = s. What is the units digit of s?
7
Let c(l) = -l**3 + 5*l**2 - 16*l + 1. Let r be c(7). Let o = 299 + r. What is the units digit of o?
0
Let y = 40 + -36. Suppose l + 0*f = -f + 78, -y*l = -f - 337. What is the tens digit of l?
8
Suppose -400*h = -406*h + 8514. What is the thousands digit of h?
1
Suppose 5*s = -4*p + 981, 4*s + 0*p - 3*p = 791. What is the tens digit of s?
9
Let l(i) = i**3 + i**2 + i + 28. Let h be l(0). Suppose 2*m + 2*u + 20 = 0, 4*m + u + h = -24. What is the units digit of 2/7 + (-248)/m?
8
Let m(r) = r - 4. Let p(d) = 1. Let g(v) = -m(v) - 5*p(v). Let x = 77 - 83. What is the units digit of g(x)?
5
Suppose 0 = 6*c + 4 - 34. Suppose x = -5*g + 1011, g + c*x - 211 = -4. What is the units digit of g?
2
Let o(l) = -l**2 - 8*l - 20. Let r be o(-6). Let d(j) = -2*j - 8. What is the units digit of d(r)?
8
Suppose 63104 = 36*c - 65740. What is the thousands digit of c?
3
Let v = -6367 - -11577. What is the hundreds digit of v?
2
Let q = 430 - 655. What is the tens digit of ((-4)/(-12))/((-3)/q)?
2
Let w = -14 - -82. Let d be (w/10)/((-4)/(-10)). Let u = d - -10. What is the units digit of u?
7
Let p(i) = 789*i**2 + 9*i + 7. What is the units digit of p(-1)?
7
Let v = -35 - -75. Let x = 46 - v. What is the units digit of x?
6
Let i = 1698 - 1158. What is the tens digit of i?
4
Let i = 66 - 62. What is the units digit of (-336)/(-64) - 1/i?
5
Suppose 3*y + 3*p - 13355 = 3418, -4*y + 22369 = 3*p. What is the tens digit of y?
9
Let l = -11 + 11. Suppose l = 5*q - 42 - 73. Suppose 2*j + 28 = 2*d - 2*j, d - q = -j. What is the units digit of d?
0
Suppose 69*s - 15268 = 58*s. What is the tens digit of s?
8
Let g(r) = -2*r**3 - 12*r**2 + 6*r - 19. What is the units digit of g(-9)?
3
What is the units digit of 4 + (7 + -6)*811?
5
Let b(m) = 17*m + 25. Let y(k) = 33*k + 49. Let x(n) = -5*b(n) + 3*y(n). What is the units digit of x(12)?
0
Suppose 0 = -3*a + 5*m + 2486, -2*a + 466 = 5*m - 1233. What is the tens digit of a?
3
Suppose 5*k = -3*d - 14, 5*k - 1 = d + d. What is the tens digit of k/7 + (-674)/(-14)?
4
Suppose -j - j - 12 = 0. Let l(i) = -i**3 - 7*i**2 - 7*i - 2. Let p be l(j). Suppose 36 = p*c - 0*c - 4*u, 5*c = 2*u + 57. What is the units digit of c?
3
Let y(j) = -17*j**2 + 0*j + 7 - j - 3*j + 18*j**2. Let s be y(10). Suppose 4*f = f - 5*x + s, 5*f = -3*x + 85. What is the units digit of f?
4
Suppose 2*i = -i + 1620. What is the units digit of i?
0
Let j be 2 - (-2 + -3 + 3). Suppose 0 = o - 2*o + 3. Suppose 0*k - 41 = -o*k + 5*n, -j*k + 60 = -4*n. What is the units digit of k?
7
Suppose -c - 4*s = 4*c - 749, s = -c + 150. What is the hundreds digit of c?
1
Suppose 3*w - 13*w + 9560 = 0